 (0 - 1) + -215 + -2 + -1. Let z = v - -222. Give r(z).
-7
Let r(a) = -2*a**3 + a**2 + 2*a + 1. Let t be (1 - 228/20)/(4/(-10)). Let q = t + -27. What is r(q)?
2
Let q(p) = -3*p**3 - 3*p**2 + 1. Suppose -13 = 5*l - 23. Let h(s) = 4*s**3 + 3*s**2 + s - 1. Let w(v) = l*h(v) + 3*q(v). Determine w(-4).
9
Let q(t) = -t**2 - 2*t - 5. Let z(b) = -b**2 - b - 6. Let n(l) = 5*q(l) - 4*z(l). Let p be 12/18*-1*9. Calculate n(p).
-1
Let u be 2 + (-4)/(16/(-12)). Suppose 0 = -3*n + u*n - 6, 0 = -5*a - 3*n + 29. Let l be ((-45)/(-15))/(a - 1). Let g(c) = -9*c. Determine g(l).
-9
Let i = -22 + 10. Let z = -4 - i. Suppose -2*f = -5*u - z, -6*f - 4*u - 12 = -2*f. Let c(x) = -9*x. Determine c(f).
9
Suppose 4*i - 40 = -32. Let k be 15/i*(-44)/(-55). Let u(f) = f**2 - 4*f - 7. Give u(k).
5
Let a(i) = -i**3 - i - 4. Suppose 3*q = -0*q + 2*t - 38, -4*q - 2*t = 46. Let n = 12 + q. Calculate a(n).
-4
Let n(u) be the second derivative of u**5/20 - u**4/12 - u**3/6 + u. Let i be -4*3/12*-2. Suppose q = -5*k + 9, 2*k + 0*q = -i*q + 2. What is n(k)?
2
Let j(x) = -x - 13. Suppose 2*h = -2*h - 136. Let a = -34 - h. Determine j(a).
-13
Let f(r) = -r + 14. Suppose 16 = a + 3*l, 2*a + 7*l = 3*l + 28. Give f(a).
4
Let c = -4 + 8. Let p(a) be the first derivative of -a**4/4 + 5*a**3/3 - 2*a**2 + 6*a + 3215. What is p(c)?
6
Let l = 1 - 0. Let q(j) = -3*j - 1933*j**2 + 1932*j**2 - 1 + 5*j - 3*j + 2*j - 18*j**3. Determine q(l).
-19
Let k(u) = -u - 8. Let c(r) = r + 9. Suppose -3*x + x + 6 = 0. Let q(g) = x*c(g) + 4*k(g). Let v be -2*(-6)/14*(-22 - -15). Calculate q(v).
1
Suppose -2*z + 1 = -9. Let b(a) be the third derivative of a**6/120 - a**5/10 + a**4/6 + a**3 - 41*a**2. Give b(z).
1
Let j(h) = -25*h + 146. Let q be j(5). Let n(d) = -d**2 + 19*d + 27. What is n(q)?
-15
Let u(r) = r**3 - r**2 - 3. Let c be u(0). Let z(q) = q**2 + 6*q + 3. Let n be z(c). Let d(k) = 1. Let m(v) = v + 2. Let t(h) = -2*d(h) + m(h). What is t(n)?
-6
Let y(f) = f. Let c = 144 - 138. Calculate y(c).
6
Let g(s) = -5*s**2 + s. Let b = 23 - 17. Suppose 15*a - 9 = b*a. Give g(a).
-4
Suppose -2*x + 16 = 2*x. Let j be 2 - (0 - x)/4. Let p(b) be the first derivative of 2*b**3/3 - b**2 - 3*b + 1. Give p(j).
9
Let a(x) = -5*x + 2. Let w be 21/(-28)*1*4. Let f be w/(-2) - (-6)/12. Calculate a(f).
-8
Let d(i) be the third derivative of i**5/60 - 3*i**4/4 - 14*i**3/3 + 3*i**2 + 4*i. Determine d(19).
-9
Let m = -95 + 100. Suppose -4 = 4*q + m*d - 1, -27 = -4*q + 5*d. Let s(a) = -a**3 + 3*a**2. What is s(q)?
0
Let a(f) = f**2. Let v = -5 - -11. Suppose 3*q = v, 4*o + 3*q = 7*o. Let n be ((-2 - -2)/(-2))/o. Calculate a(n).
0
Let z(x) = x**3 - x**2 + 1. Let t(b) = 2*b**3 - 20*b**2 - 15*b + 24. Let p(o) = -t(o) + 3*z(o). Calculate p(-16).
-5
Let f(k) = k**2 - 3*k - 5. Let d be (1 - 3/4)*8. Suppose -d*p - 2 = -g, -21 = g - 5*g - 5*p. What is f(g)?
-1
Let z(g) be the first derivative of g**4/4 + 8*g**3/3 + 7*g + 3. What is z(-8)?
7
Let j(z) = -z**2 + z - 1. Let s be (-4)/(-16) - (51/12 + -1). Let x(v) = -v**3 + 3*v**2 + 4. Let a(b) = s*j(b) - x(b). Calculate a(-2).
-3
Let d(q) = 2*q**2 + 4*q + 2. Suppose 2*z + 13 = 3*c, 0*z = -3*z + 3*c - 15. Let i be (z/6)/((-3)/18). Suppose 2*s = 4*t + 2, -i*s - 17 = t + 3*s. Give d(t).
2
Let f(b) = -2*b**2 - b. Let a(q) = -q**2 - 4*q - 3. Let w be 2/(-11) - (-220)/(-121). Let v be a(w). Calculate f(v).
-3
Let o be (96/(-80))/(6/(-40)). Let y(p) = -o*p + 6*p - 8*p. Let t be -2 + 6*(-2)/(-4). Give y(t).
-10
Let o = -10 + 4. Let k(x) = -3*x - 7. Give k(o).
11
Let c = 25 - 25. Let t(z) = -1 - 2*z + c + 2 + 3*z. Give t(-7).
-6
Let l(g) = -4 + 0*g - 3 + 1 + g + 1. Calculate l(8).
3
Suppose 3*h + 6 = 2*h - 4*y, -h + 15 = -3*y. Let k = 13 + -7. Let v(g) = -k*g**2 + 2*g**3 - 3*g**3 - 5 + 13*g**2 - 5*g. Give v(h).
1
Let f(g) = -3*g**2 - 1 + 0*g**3 - 12*g**3 + 5*g**2. Let z = 1599 - 1600. Give f(z).
13
Let b(q) be the second derivative of -q**5/20 - q**4/2 - q**3/6 - q**2/2 + 130*q. What is b(-6)?
5
Let f(y) = 3*y - 2*y + 0 + 9 + 17. Let q be f(-24). Let t(i) = -3*i + 1. Calculate t(q).
-5
Let r be 4/22 + 9/11. Suppose 5*m - 2*m = 5*a - r, 0 = 5*m - a - 13. Suppose 0*k = -m*k + 3. Let t(i) = -i**2 - i + 1. Determine t(k).
-1
Let x(i) = i**3 - 8*i**2 + 7*i - 3. Suppose -2*j - 6 = -20. Let l be x(j). Let t(m) = -m + 4. Calculate t(l).
7
Suppose 11*a = -5*a + 144. Let r(t) = t**2 - 11*t + 16. Determine r(a).
-2
Let l(i) be the first derivative of i**4/4 - 13*i**3/3 - 15*i**2/2 - 746. What is l(14)?
-14
Let d = -26 - -28. Suppose -d*t + 15 = -4*t + f, -2*t - 25 = -3*f. Let z(y) = y**2 + 5*y - 3. Calculate z(t).
-3
Suppose -j - 1 = -4. Suppose -i + 6*a = a - 3, 2*i - 6 = 5*a. Let x(s) = -6*s - 8*s**2 - 3 + 2*s**3 + 2*s**2 + 1 - j*s**i. Give x(-4).
-10
Let l(g) be the second derivative of 0 - 1/2*g**2 - 32*g + 1/3*g**3. What is l(-1)?
-3
Let m = -409 - -413. Let t(c) = c**3 - 5*c**2 + 4*c + 1. Give t(m).
1
Let c(g) = -g**3 - g**2 + 3*g - 9. Let q(v) = v**3 + 14*v**2 + 36*v + 295. Let l be q(-13). Calculate c(l).
27
Let a(k) be the second derivative of 5*k**3/6 + 9*k**2/2 - 323*k - 1. Give a(-5).
-16
Suppose -19*q = -11*q - 112. Let j = q + -11. Let l(f) = -f + 3. What is l(j)?
0
Let k = -428 - -419. Let b(c) = -c**2 - 9*c - 12. What is b(k)?
-12
Let w(f) = -3*f**2 + 2. Suppose 0 = 24*k - 19*k - 10. Determine w(k).
-10
Suppose 27 = -4*g - t - 2*t, 3*g - t + 17 = 0. Let w(k) = k + 12. Let a be w(g). Let s(n) = -3 + 0*n - 2*n**2 - a*n + 2*n. Calculate s(-3).
-9
Let s(g) be the third derivative of g**4/3 + g**3/6 + 32*g**2 + 2*g. Give s(-3).
-23
Let a(k) = 6 + 3 + k - 3. Let s be (-66)/2*1/(-3). Suppose -1 = -2*d - s. What is a(d)?
1
Let x(j) = -6*j**2 - 9*j - 6. Let h(p) = 8*p + 11*p - p**2 - 6 - 6*p**2 - 29*p. Let v(q) = 5*h(q) - 6*x(q). What is v(-5)?
11
Let v(w) = w**3 + 40*w**2 - 8*w - 323. Let a be v(-40). Let c(y) = y**3 - 6*y - 3. Determine c(a).
-12
Let t(m) be the third derivative of -m**7/1260 - m**6/360 + 19*m**5/60 - 13*m**2. Let f(h) be the third derivative of t(h). Calculate f(-4).
14
Let n(b) be the first derivative of b**3/3 - 5*b**2/2 - 4*b + 1. Let j be (-6)/15 + 12/5. Suppose 0 = j*g - r - 2*r, -44 = -4*g - 5*r. Give n(g).
2
Let v be (-64)/30 + 4/30 - -2. Suppose v = 2*f + 10*f + 48. Let q(y) = y**3 + 3*y**2 - 7*y - 5. Give q(f).
7
Let k(x) be the third derivative of -x**5/60 - x**4/6 + x**3/3 - 33*x**2. Suppose -h + 8 = 4*b, -4*h - b - b - 10 = 0. Calculate k(h).
2
Let f(w) = 6*w**2 + 7*w - 1 - 3*w + 2*w**2 - 8*w + 0*w - w**3. Determine f(7).
20
Let t(s) be the first derivative of 1/2*s**2 + 6 + 4*s. Suppose 4*q + 37 - 13 = 0. Give t(q).
-2
Let a be (1 - 2)/((-3)/(-39)). Let r be (12/10)/((-3)/15). Let j(k) = -2*k**2 + 10*k + 11. Let x(s) = s**2 - 5*s - 5. Let i(m) = a*x(m) + r*j(m). Give i(4).
3
Let c(v) = -3*v**2 - v. Let q = 41 - 7. Let p = -36 + q. Give c(p).
-10
Let l(v) be the third derivative of -v**5/24 + v**4/24 + 2*v**3/3 + 44*v**2. Let a(o) be the first derivative of l(o). Determine a(-1).
6
Let d(n) = n**2 + 6*n + 3. Let z be d(-6). Let b(o) be the first derivative of -4 - 4*o - 3/2*o**2. Give b(z).
-13
Let a(p) = 2*p**2 - 3*p + 5. Let x be a(2). Let i(m) = -6 - 9*m**3 + 5 - 2*m + x*m**3. What is i(-1)?
3
Let n(l) = l**2 - 13*l + 4. Let s(u) = -2*u**2 + 27*u - 6. Let g(f) = -7*n(f) - 3*s(f). Determine g(6).
14
Suppose -7*l - 1 + 15 = 0. Suppose m + l = 1. Let p(y) = -7*y**3 - y**2 - 2*y - 1. Give p(m).
7
Suppose -10*a + 4*a + 30 = 0. Suppose f - a*f = 8. Let b(v) = -v**2 - 3*v - 1. Calculate b(f).
1
Let s(n) be the third derivative of -n**5/60 + 7*n**4/24 + n**3 - 9*n**2. Let b(z) be the first derivative of s(z). Give b(7).
-7
Let o(m) be the first derivative of -m**3/3 + 9*m**2 - 10*m + 433. Give o(17).
7
Let o(p) = -11*p**2 + 2*p + 3. Let v(t) = -2*t**2 + t + 1. Let r(z) = o(z) - 6*v(z). Determine r(6).
9
Let j(g) = 3*g. Let k(v) = -2*v - 1. Let w be k(-3). Suppose -2 = w*y - 17. What is j(y)?
9
Let z(t) = 31*t - 8. Let u be z(0). Let v(d) = -d**3 - 8*d**2 - 3*d - 12. What is v(u)?
12
Let h(m) = 2*m - 15. Let o be 5 + (9 - -183)/(-12). Calculate h(o).
-37
Let o(m) = m**3 - m**2 - 3*m + 3. Let p be o(2). Let j(q) = -q**2 + 6. Let k be j(-2). Let t(w) = -5 + 5*w + p + w + w**k. Give t(-3).
-13
Let x = -5 + 11. Suppose 0 = -6*v + x + 6. Let b(i) = 2 + 1 + 3*i - v*i. Det